y) = -r(y) - 4*x(y). What is v(s)?
-20
Let b(w) = w**3 + 3*w**2 - 6*w - 3. Let v = 58 - 123. Let y = -69 - v. What is b(y)?
5
Let h(g) = -g**2 - g + 43. Let k be h(-7). Suppose 7*p - k - 13 = 0. Let j(x) = -2*x + 1. Calculate j(p).
-3
Let g be (3 + -3 - -13)/(30/(-3) - -9). Let t(n) = -4*n - 8. Calculate t(g).
44
Let v(p) = 4*p**3 - 30*p**2 - 13*p + 23. Let s(i) = i**3 - 9*i**2 - 4*i + 7. Let c(h) = 13*s(h) - 4*v(h). Calculate c(1).
-1
Let m(v) = -4*v**2 - 3*v + 2. Let b(w) = -w**2 + 31*w - 197. Let f be b(9). Calculate m(f).
-5
Let v = 3637 - 3618. Let n(y) = -2*y + 29. Calculate n(v).
-9
Let i(t) = -t**2 - 22*t + 716. Let h be i(-40). Let r(c) = -c - 14. Determine r(h).
-10
Let p(h) = 2*h**2 + 22. Let n(k) = 3*k**2 + 44. Let j(d) = -3*n(d) + 5*p(d). Give j(-5).
3
Let h(p) be the second derivative of -p**4/12 + 4*p**3/3 - 15*p**2 - 3569*p. Calculate h(4).
-14
Let i(y) = -13*y**3 - 40*y**2 + 7*y + 41. Let o(n) = -7*n**3 - 21*n**2 + 4*n + 22. Let z(l) = -6*i(l) + 11*o(l). Give z(-8).
44
Let f(m) = m + 17. Let o(y) = y**2 + 11*y - 102. Let c be o(-16). Let l be f(c). Let d(r) = -r**3 - 5*r**2 + 5*r + 1. Determine d(l).
-24
Let f(d) = 17*d + 26. Let s(z) = -30*z - 48. Let k(t) = -5*f(t) - 3*s(t). Let r = 1 + -8. Calculate k(r).
-21
Let v = 6251 - 6247. Let d(k) be the first derivative of -1/4*k**v + k**3 + 2*k**2 - 4*k + 19. Give d(3).
8
Suppose -6*k + k = 0, 4 = -2*s + 5*k. Let d be (-2 - (-2 + 2)) + s. Let y(t) be the first derivative of -2*t**2 - t - 10262. What is y(d)?
15
Let o(n) = 4*n - 591 - 3*n**2 - 45*n + 610. What is o(-14)?
5
Let f(r) be the first derivative of -4*r - 119 - 3/2*r**2. Give f(5).
-19
Let z(j) = -2*j - 11. Let t(w) = -4*w - 2. Let o be t(-1). Suppose 4 = o*g - 3*q + 10, -29 = 5*g - 4*q. What is z(g)?
7
Let o(q) = 19*q**2 + 2*q - 83. Let y(v) = -22*v**2 - 3*v + 82. Let n(a) = 7*o(a) + 6*y(a). Give n(11).
-12
Suppose -30 = -5*d + 400. Let u = 104 - d. Suppose -2*i = 3*s - 0*s - u, 0 = -5*i + s + 11. Let a(r) = -5*r + 4. Calculate a(i).
-11
Suppose -10*v + 6*v - 2*k + 64 = 0, -k = 5*v - 86. Let s be ((-1 - 1) + 3)/((-2)/v). Let j(u) = 4*u - 2. Calculate j(s).
-38
Suppose -x + a + 100 = 0, 3*x = -2*a + 321 - 6. Suppose -29 = 3*m + x. Let y = -41 - m. Let q(v) = 2*v**2 - v - 1. What is q(y)?
14
Let z(k) = k**3 + 16*k**2 + 35*k + 37. Let g be z(15). Let m(j) = j**3 - g*j - 14 + 7538*j + j**2 + 0*j**3. Calculate m(0).
-14
Let x(n) = n**2 - 22*n + 92. Suppose 2*a + 0 = 4, 2*u - 24 = 5*a. What is x(u)?
7
Suppose 0 = 5*c + 5*k + 5, -3*c - 4*k + 52 - 56 = 0. Suppose -y - 4 = u, -5*u = 2*y + 14 - c. Let m(o) = -11*o**2 - 3*o - 1. What is m(y)?
-39
Let w(i) = i - 9. Let k be w(8). Let b be (2 + (-5 - k))*-4. Let g(c) = 1 - 840*c + 422*c + 417*c. Calculate g(b).
-7
Let z(k) be the first derivative of k**3/3 + 13*k**2 - 38*k - 492. What is z(-28)?
18
Let v(k) = -k + 19. Let t(p) = p**3 + 34*p**2 - 241*p - 46. Let w be t(-40). Determine v(w).
25
Let q be (52/65)/((-2)/(-15)). Let j(p) = 7*p + 4 - 25*p + 17*p. Determine j(q).
-2
Let m(o) = -5*o - 9. Let r be m(-4). Let i(h) be the first derivative of h**4/4 - 11*h**3/3 + h**2/2 - 9*h + 73. Calculate i(r).
2
Let s(h) = h - 6. Let t(q) = 2*q**2 - 24*q + 8. Let o be t(12). Suppose -y + 2*z = o - 1, 5*y - z = -8. Let k be y - (-5)/(10/2). Calculate s(k).
-6
Suppose -4*w = 3*n - 14, -3*n + 24 - 5 = 5*w. Let u(b) = 10 - b - 3 - 3*b + w*b. Suppose 0 = -69*a + 72*a + 9. What is u(a)?
4
Let w(n) = 2*n**2 + 14*n + 5. Let b = -239 + 232. Let z be w(b). Let u(p) = p**2 - 6*p - 7. Give u(z).
-12
Let u(p) = p**3 + 11*p**2 + 16*p. Let b be u(-6). Let i = b + -62. Let t(n) = -4*n - 12*n**2 + i*n**2 + 5 - 11*n**2. Determine t(-5).
0
Let s(x) be the first derivative of -x**2 - 548. Let c(l) = -l - 4. Let t be c(-5). Calculate s(t).
-2
Let f(s) = -6*s**2 - 63*s - 118. Let c be f(-8). Let n(j) = 10*j**2. Determine n(c).
40
Let t(h) = -h**3 + 8*h**2 + 7*h - 7. Suppose 332*g + 188 = 285*g. Let r(y) = y**2 + 5 + 2*y**2 - y**2 + 7*y. Let m be r(g). Determine t(m).
-25
Let a(g) = -g**3 + 3*g**2 + 2. Let k be a(3). Let u(w) = 136*w - 4 - 271*w + w**k + 137*w. What is u(3)?
11
Let i(a) = -a**2 + 6*a + 10. Suppose -394*j + 204 - 57 = -373*j. Determine i(j).
3
Suppose -n + 19 - 3 = 5*d, 0 = 3*d - 12. Let q be n*(3/6 - 0). Let k(f) be the second derivative of f**3 + f**2 + 212*f + 3. Calculate k(q).
-10
Let s = -168 - -170. Let t(i) = 0*i**3 - i**3 + 15 - 6*i**2 - s*i - 12 + 0*i**3. Determine t(-5).
-12
Let b(w) = -42*w**3 - 12*w - 41*w**3 + 12 + 121*w**3 + 8 - 37*w**3 - 10*w**2. Determine b(11).
9
Let k be (-32)/(-2) + -2 - (-107)/((-2354)/132). Let u be 9/((-2)/(-4) + 1). Suppose k*z = u*z. Let r(c) = c**2 + 2. Calculate r(z).
2
Let x = 15 + -15. Let c(r) = 0*r - r - 5*r + x*r. Let m(v) = -v**2 - 30*v - 191. Let q be m(-21). Determine c(q).
12
Let r(m) be the third derivative of -m**4/24 + 83*m**2. Let x be -2*(2/(-4) + 1). Let n(s) = -6*s - 2. Let a(p) = x*n(p) + 5*r(p). Give a(7).
9
Suppose -22*g = -0*g + 32 - 76. Let d(c) = -9*c**2 - 6*c + 3. Give d(g).
-45
Let z be 28/6 - 22/(-66). Suppose -h - 3*h = -4*d, 0 = 5*h + z. Let a(v) = -26*v**2 - 16. Let l(m) = -5*m**2 - 3. Let b(g) = -2*a(g) + 11*l(g). Calculate b(d).
-4
Suppose -32 = -5*l - 42. Let h be 67/l + 6/(-4). Let s = h + 36. Let j(a) = 13*a**3 - 2*a**2 + a. Give j(s).
12
Let x(h) = -2*h**3 + 24*h**2 - 8*h + 94. Let g be (-20)/1*201/(-335). Give x(g).
-2
Let f(y) be the second derivative of 0 - 5/3*y**3 + 0*y**2 + 7/24*y**4 + 17*y - 1/120*y**5. Let g(t) be the second derivative of f(t). Determine g(-7).
14
Let k(g) = -g**2 + 19*g - 40. Suppose -132*p = 62*p - 3298. What is k(p)?
-6
Let s(o) be the first derivative of o**6/360 - o**5/30 + o**4/6 + o**3/3 + 8*o**2 + 50. Let c(r) be the third derivative of s(r). Give c(4).
4
Let h = -1 + 1. Let d(p) = -p**2 - p + 5. Let q(f) be the first derivative of -f - 173. Let m(z) = d(z) + 4*q(z). What is m(h)?
1
Suppose -17*y + 6 = -18*y. Let u(r) be the first derivative of r**2/2 - 2*r + 3. Determine u(y).
-8
Let q = -84 - -91. Suppose q*f - 5*f + 4*z = -10, 4*z = -f - 5. Let t be f + (-104)/(-28) + (-2)/(-7). Let i(h) = -9*h - 1. Determine i(t).
8
Suppose -2*m - 75 = -19. Let d be 0 - 7/(m/(-8)). Let z(l) = 3*l + 6 + 6 + 5*l**2 - 3*l**2 + 9 - 18. Give z(d).
5
Let x(m) = m**2 + 16*m - 656. Let n be x(19). Let k(i) = -6*i**2 + 6 + 5*i**2 + 7*i + i. Calculate k(n).
-3
Let l(j) = -j + 7. Let r(p) = -p**3 + 51*p**2 - 7*p - 77. Let q be r(51). Let m = q - -430. Give l(m).
11
Let a(p) = -p - 1. Let s(i) = 2*i - 5. Let r = -10 + 9. Let g(d) = r*s(d) - 3*a(d). Let z = -7 + 3. What is g(z)?
4
Let l = -115 + 111. Let n(q) = 3*q**2 + 11*q + 3. Let x(i) = i**2 + 6*i + 1. Let b(r) = l*n(r) + 10*x(r). Give b(8).
-2
Let p = 453 + -459. Let l(q) = -q**3 + 13*q**2 + 3. Let k(a) = a**3 - 11*a**2 - 3. Let o(f) = p*k(f) - 5*l(f). Determine o(0).
3
Let m(u) be the second derivative of 19*u - 2 + 17/2*u**2 - 1/20*u**5 - 13/6*u**3 + 13/12*u**4. Determine m(12).
5
Let n(g) be the third derivative of g**5/60 + 5*g**4/24 - g**3/2 - 6*g**2. Suppose -4*i = -2*x + 250, -x + 220 - 91 = 2*i. Let t = 121 - x. Determine n(t).
3
Let d(y) = y**3 + 3*y**2 - 2*y + 1. Let m be (65/39)/(1/(-3)). Let g(n) = -2*n + 89. Let i(u) = u - 59. Let w(j) = m*g(j) - 7*i(j). Let t be w(10). Give d(t).
9
Let k(b) be the third derivative of -1 + 24*b**2 + 1/60*b**5 - b**3 + 0*b + 1/12*b**4. Give k(-4).
2
Let n(g) be the third derivative of 0*g + 1/24*g**4 - 1/2*g**3 - 152*g**2 + 0. Calculate n(0).
-3
Let k(g) be the second derivative of g**5/20 + 17*g**4/12 + g**3/6 + 12*g**2 - 7380*g. Determine k(-17).
7
Let r(k) = 12*k - 96. Suppose 6 = 21*j - 24*j + 5*i, 5*j - 28 = 2*i. What is r(j)?
0
Let i(h) = -h**3 - 11*h**2 - 11*h - 4. Let f be (-10 - (-8 + -1))*(-3 - -12). What is i(f)?
-67
Let v be 2/(-7) + (-1358)/49. Let x = v - -24. Let b(c) = -c**2 - 4*c. Let i be b(x). Let l(f) = f - 15. Give l(i).
-15
Suppose -j + 2 = -0. Let f(c) = 113*c - 29*c**2 - 112*c + 1 + 27*c**2. Determine f(j).
-5
Let v = 589 - 576. Suppose v*x = x + 72. Let o(k) = -k**2 + 8*k - 7. What is o(x)?
5
Let u(j) = 14 - 5 - 32 + 50 + 46 + 14*j. Give u(-6).
-11
Let l = -13 + 13. Let s(v) be the first derivative of v**4/4 + v**2/2 + 36*v + 2022. Calculate s(l).
36
Let t(h) = 2*h**3 - 73*h**2 + 35*h +